{"id":233,"date":"2022-08-08T18:57:57","date_gmt":"2022-08-08T18:57:57","guid":{"rendered":"https:\/\/wp.hammer-jaegercorps.de\/wordpress\/?page_id=233"},"modified":"2022-08-08T19:04:26","modified_gmt":"2022-08-08T19:04:26","slug":"2000-heute","status":"publish","type":"page","link":"https:\/\/www.hammer-jaegercorps.de\/index.php\/2000-heute\/","title":{"rendered":"2000 &#8211; heute"},"content":{"rendered":"\n<p>Der Beginn des neuen Jahrtausend gab Anlass zu vielen Partys und Feierlichkeiten. Der \u00dcbergang ins 21. Jahrhundert war und ist gepr\u00e4gt durch die am 01.01.2002 vorgenommene Einf\u00fchrung des Euro in 12 der bis dahin 15 Mitgliedsstaaten der Europ\u00e4ischen Union und der Diskussion um die Schl\u00fcsselthemen (Bildung etc.) f\u00fcr die Zukunft. Auch das J\u00e4gercorps steht vor der Herausforderung, den Verein lebendig und dynamisch zu erhalten und Menschen zu gewinnen, die dem heimatlichen Geschehen und dem Sch\u00fctzenwesen verbunden sind. Unterst\u00fctzung hierf\u00fcr k\u00f6nnte und sollte aus dem 125-j\u00e4hrigen Jubil\u00e4um kommen, das wir in 2008 gemeinsam mit unserem Pr\u00e4sidenten und Regimentsk\u00f6nig Josef Andree feiern werden.<\/p>\n\n\n\n<p>Leider konnte Herr Oberb\u00fcrgermeister Joachim Erwin seine Zusage, die Schirmherrschaft \u00fcber die Feierlichkeiten des St. Sebastianus J\u00e4gercorps im Jahr seines 125-j\u00e4hrigen Bestehens zu \u00fcbernehmen, nicht erf\u00fcllen. Joachim Erwin, der sich mit den Hammer Sch\u00fctzen eng verbunden f\u00fchlte, starb am 20.05.08 nach langer schwerer Krankheit.<br><br>Unsere Jubil\u00e4umsveranstaltungen begannen am 07.09.08 im Rahmen des Sch\u00fctzenfestes mit einem aus Anlass des 550-j\u00e4hrigen Jubil\u00e4ums der St. Sebastianus Sch\u00fctzenbruderschaft D\u00fcsseldorf-Hamm und des 125-j\u00e4hrigen Jubil\u00e4ums des St. Sebastianus J\u00e4gercorps mit Herrn Joachim Kardinal Meisner Erzbischof von K\u00f6ln in der Pfarrkirche St. Blasius gefeierten Pontifikalamt. Das Pontifikalamt wurde vom Musikverein Harmonie D\u00fcnschede und vom Kirchenchor C\u00e4cilia musikalisch w\u00fcrdig und bewegend gestaltet.<br><br>Im Anschluss an das feierliche Pontifikalamt wurden im Beisein des neuen Oberb\u00fcrgermeisters Dirk Elbers und anderer Repr\u00e4sentanten die Fahnen der St. Rochus Kompanie und des J\u00e4gercorps vom K\u00f6lner Erzbischof Kardinal Meisner eingesegnet. Die neue Fahne des J\u00e4gercorps wurde aus Anlass des 125-j\u00e4hrigen Bestehens von den Nonnen des wegen ihrer Fahnenstickerei bekannten Klosters Kreitz angefertigt. Die Fahne ist prachtvoll anzusehen und zeigt auf der einen Seite den Schutzpatron der J\u00e4ger, den heiligen Hubertus. Auf der anderen Seite ist als Beschriftung zu sehen \u201eEhret Gott, Achtet den N\u00e4chsten\u201c. In diesem Zusammenhang geht ein besonderer Dank an die Bilker St. Martin Kompanie, die als unsere G\u00e4ste einen Fahnennagel als Geschenk \u00fcberreichten.<br><br>Der gro\u00dfe Festumzug am Sonntag war wie immer eine Augenweide, da Hamm bekannt daf\u00fcr ist, dass nahezu auf jeden Sch\u00fctzen ein Musiker kommt. Einschlie\u00dflich der das Jubil\u00e4umsfest unterst\u00fctzenden Gastkompanien und Gastkapellen machten sich einem Zeitungsartikel zufolge rd. 1.100 Sch\u00fctzen und Musiker auf den Weg. Auch die Zahl der zum Jubil\u00e4um der Bruderschaft erschienenen Ehreng\u00e4ste erreichte eine mehr als beachtliche Gr\u00f6\u00dfenordnung. Unser Corps richtete an diesem Tag aus Anlass des Jubil\u00e4ums erstmals ein Biwak aus, das auf dem Hof des Kameraden Josef Hosten veranstaltet wurde. So konnten wir uns kurz vor der Parade nochmals nach Herzenslust st\u00e4rken.<br><br>Das Jubil\u00e4umsjahr brachte zudem zahlreiche Ehrungen f\u00fcr unser Corps mit sich. Hervorzuheben ist der K\u00f6nigsschuss unseres Vereinskameraden Hans-Peter Schnitzler, der sich dem Sch\u00fctzenvolk als strahlender K\u00f6nig pr\u00e4sentieren konnte. Abschlie\u00dfend bleibt festzuhalten, dass das Sch\u00fctzenfest bei allen Beteiligten in bester Erinnerung bleiben wird.<br><br>Abschluss und kr\u00f6nender H\u00f6hepunkt unseres Jubil\u00e4ums war das Oktober- und Familienfest am 11. und 12.10.08 im und um das Festzelt auf dem Sch\u00fctzenplatz.<br><br>Wer am Samstag etwas richtig abfeiern wollte, war beim Oktoberfest in Kappes-Hamm richtig aufgehoben. Das Festzelt brechend voll, eine Riesenstimmung und die bayerische Kult- und Wies\u00b4nband \u201eDie Blechblos\u00b4n\u201c in Bestform. Diese boten ein musikalisches Feuerwerk mit vielen Highlights und witzigen Spr\u00fcche. Da blieb es nicht aus, dass die G\u00e4ste bis in die sp\u00e4ten Nacht- und Morgenstunden feierten.<br><br>Die zahlreichen Besucher erlebten dann am n\u00e4chsten Tag bei herrlichem Sp\u00e4tsommerwetter nochmals eine Familienparty. Bei diesem Fest kamen besonders die Kinder auf ihre Kosten, da ein tolles Programm mit vielen \u00dcberraschungen angeboten wurde.<br><br>Nach Beendigung der Jubil\u00e4umstage fiel den Organisatoren und den vielen Helferinnen und Helfer eine schwere Last von den Schultern, da trotz langer Vorbereitungszeit immer mit Unw\u00e4gbarkeiten gerechnet werden musste. Es gab viel Anerkennung und Lob f\u00fcr die Durchf\u00fchrung des Festes. Wir sagen an dieser Stelle danke an die vielen G\u00e4ste f\u00fcr ihre hervorragende Unterst\u00fctzung. Diese l\u00e4sst uns zuversichtlich in die n\u00e4chsten 25 Jahre blicken.<\/p>\n\n\n\n<div class=\"wp-block-buttons is-content-justification-center is-layout-flex wp-container-core-buttons-is-layout-16018d1d wp-block-buttons-is-layout-flex\">\n<div class=\"wp-block-button\"><a class=\"wp-block-button__link\" href=\"https:\/\/www.hammer-jaegercorps.de\/index.php\/geschichte\/\">Zur\u00fcck<\/a><\/div>\n<\/div>\n\n\n\n<p><\/p>\n","protected":false},"excerpt":{"rendered":"<p>Der Beginn des neuen Jahrtausend gab Anlass zu vielen Partys und Feierlichkeiten. Der \u00dcbergang ins 21. Jahrhundert war und ist gepr\u00e4gt durch die am 01.01.2002 vorgenommene Einf\u00fchrung des Euro in 12 der bis dahin 15 Mitgliedsstaaten der Europ\u00e4ischen Union und der Diskussion um die Schl\u00fcsselthemen (Bildung etc.) f\u00fcr die Zukunft. Auch das J\u00e4gercorps steht vor &hellip; <\/p>\n<p class=\"link-more\"><a href=\"https:\/\/www.hammer-jaegercorps.de\/index.php\/2000-heute\/\" class=\"more-link\">Mehr <span class=\"screen-reader-text\">\u00fcber &#8222;2000 &#8211; heute&#8220; <\/span>Lesen<\/a><\/p>\n","protected":false},"author":2,"featured_media":0,"parent":0,"menu_order":0,"comment_status":"closed","ping_status":"closed","template":"","meta":{"footnotes":""},"class_list":["post-233","page","type-page","status-publish","hentry"],"featured_media_urls":[],"_links":{"self":[{"href":"https:\/\/www.hammer-jaegercorps.de\/index.php\/wp-json\/wp\/v2\/pages\/233","targetHints":{"allow":["GET"]}}],"collection":[{"href":"https:\/\/www.hammer-jaegercorps.de\/index.php\/wp-json\/wp\/v2\/pages"}],"about":[{"href":"https:\/\/www.hammer-jaegercorps.de\/index.php\/wp-json\/wp\/v2\/types\/page"}],"author":[{"embeddable":true,"href":"https:\/\/www.hammer-jaegercorps.de\/index.php\/wp-json\/wp\/v2\/users\/2"}],"replies":[{"embeddable":true,"href":"https:\/\/www.hammer-jaegercorps.de\/index.php\/wp-json\/wp\/v2\/comments?post=233"}],"version-history":[{"count":2,"href":"https:\/\/www.hammer-jaegercorps.de\/index.php\/wp-json\/wp\/v2\/pages\/233\/revisions"}],"predecessor-version":[{"id":243,"href":"https:\/\/www.hammer-jaegercorps.de\/index.php\/wp-json\/wp\/v2\/pages\/233\/revisions\/243"}],"wp:attachment":[{"href":"https:\/\/www.hammer-jaegercorps.de\/index.php\/wp-json\/wp\/v2\/media?parent=233"}],"curies":[{"name":"wp","href":"https:\/\/api.w.org\/{rel}","templated":true}]}}

<p>Der Beginn des neuen Jahrtausend gab Anlass zu vielen Partys und Feierlichkeiten. Der Übergang ins 21. Jahrhundert war und ist geprägt durch die am 01.01.2002 vorgenommene Einführung des Euro in 12 der bis dahin 15 Mitgliedsstaaten der Europäischen Union und der Diskussion um die Schlüsselthemen (Bildung etc.) für die Zukunft. Auch das Jägercorps steht vor der Herausforderung, den Verein lebendig und dynamisch zu erhalten und Menschen zu gewinnen, die dem heimatlichen Geschehen und dem Schützenwesen verbunden sind. Unterstützung hierfür könnte und sollte aus dem 125-jährigen Jubiläum kommen, das wir in 2008 gemeinsam mit unserem Präsidenten und Regimentskönig Josef Andree feiern werden.</p>



<p>Leider konnte Herr Oberbürgermeister Joachim Erwin seine Zusage, die Schirmherrschaft über die Feierlichkeiten des St. Sebastianus Jägercorps im Jahr seines 125-jährigen Bestehens zu übernehmen, nicht erfüllen. Joachim Erwin, der sich mit den Hammer Schützen eng verbunden fühlte, starb am 20.05.08 nach langer schwerer Krankheit.<br><br>Unsere Jubiläumsveranstaltungen begannen am 07.09.08 im Rahmen des Schützenfestes mit einem aus Anlass des 550-jährigen Jubiläums der St. Sebastianus Schützenbruderschaft Düsseldorf-Hamm und des 125-jährigen Jubiläums des St. Sebastianus Jägercorps mit Herrn Joachim Kardinal Meisner Erzbischof von Köln in der Pfarrkirche St. Blasius gefeierten Pontifikalamt. Das Pontifikalamt wurde vom Musikverein Harmonie Dünschede und vom Kirchenchor Cäcilia musikalisch würdig und bewegend gestaltet.<br><br>Im Anschluss an das feierliche Pontifikalamt wurden im Beisein des neuen Oberbürgermeisters Dirk Elbers und anderer Repräsentanten die Fahnen der St. Rochus Kompanie und des Jägercorps vom Kölner Erzbischof Kardinal Meisner eingesegnet. Die neue Fahne des Jägercorps wurde aus Anlass des 125-jährigen Bestehens von den Nonnen des wegen ihrer Fahnenstickerei bekannten Klosters Kreitz angefertigt. Die Fahne ist prachtvoll anzusehen und zeigt auf der einen Seite den Schutzpatron der Jäger, den heiligen Hubertus. Auf der anderen Seite ist als Beschriftung zu sehen „Ehret Gott, Achtet den Nächsten“. In diesem Zusammenhang geht ein besonderer Dank an die Bilker St. Martin Kompanie, die als unsere Gäste einen Fahnennagel als Geschenk überreichten.<br><br>Der große Festumzug am Sonntag war wie immer eine Augenweide, da Hamm bekannt dafür ist, dass nahezu auf jeden Schützen ein Musiker kommt. Einschließlich der das Jubiläumsfest unterstützenden Gastkompanien und Gastkapellen machten sich einem Zeitungsartikel zufolge rd. 1.100 Schützen und Musiker auf den Weg. Auch die Zahl der zum Jubiläum der Bruderschaft erschienenen Ehrengäste erreichte eine mehr als beachtliche Größenordnung. Unser Corps richtete an diesem Tag aus Anlass des Jubiläums erstmals ein Biwak aus, das auf dem Hof des Kameraden Josef Hosten veranstaltet wurde. So konnten wir uns kurz vor der Parade nochmals nach Herzenslust stärken.<br><br>Das Jubiläumsjahr brachte zudem zahlreiche Ehrungen für unser Corps mit sich. Hervorzuheben ist der Königsschuss unseres Vereinskameraden Hans-Peter Schnitzler, der sich dem Schützenvolk als strahlender König präsentieren konnte. Abschließend bleibt festzuhalten, dass das Schützenfest bei allen Beteiligten in bester Erinnerung bleiben wird.<br><br>Abschluss und krönender Höhepunkt unseres Jubiläums war das Oktober- und Familienfest am 11. und 12.10.08 im und um das Festzelt auf dem Schützenplatz.<br><br>Wer am Samstag etwas richtig abfeiern wollte, war beim Oktoberfest in Kappes-Hamm richtig aufgehoben. Das Festzelt brechend voll, eine Riesenstimmung und die bayerische Kult- und Wies´nband „Die Blechblos´n“ in Bestform. Diese boten ein musikalisches Feuerwerk mit vielen Highlights und witzigen Sprüche. Da blieb es nicht aus, dass die Gäste bis in die späten Nacht- und Morgenstunden feierten.<br><br>Die zahlreichen Besucher erlebten dann am nächsten Tag bei herrlichem Spätsommerwetter nochmals eine Familienparty. Bei diesem Fest kamen besonders die Kinder auf ihre Kosten, da ein tolles Programm mit vielen Überraschungen angeboten wurde.<br><br>Nach Beendigung der Jubiläumstage fiel den Organisatoren und den vielen Helferinnen und Helfer eine schwere Last von den Schultern, da trotz langer Vorbereitungszeit immer mit Unwägbarkeiten gerechnet werden musste. Es gab viel Anerkennung und Lob für die Durchführung des Festes. Wir sagen an dieser Stelle danke an die vielen Gäste für ihre hervorragende Unterstützung. Diese lässt uns zuversichtlich in die nächsten 25 Jahre blicken.</p>



<div class="wp-block-buttons is-content-justification-center is-layout-flex wp-container-core-buttons-is-layout-16018d1d wp-block-buttons-is-layout-flex">
<div class="wp-block-button"><a class="wp-block-button__link" href="https://www.hammer-jaegercorps.de/index.php/geschichte/">Zurück</a></div>
</div>



<p></p>

<p>Der Beginn des neuen Jahrtausend gab Anlass zu vielen Partys und Feierlichkeiten. Der Übergang ins 21. Jahrhundert war und ist geprägt durch die am 01.01.2002 vorgenommene Einführung des Euro in 12 der bis dahin 15 Mitgliedsstaaten der Europäischen Union und der Diskussion um die Schlüsselthemen (Bildung etc.) für die Zukunft. Auch das Jägercorps steht vor &hellip; </p>
<p class="link-more"><a href="https://www.hammer-jaegercorps.de/index.php/2000-heute/" class="more-link">Mehr <span class="screen-reader-text">über &#8222;2000 &#8211; heute&#8220; </span>Lesen</a></p>
