{"id":185,"date":"2022-08-03T19:52:55","date_gmt":"2022-08-03T19:52:55","guid":{"rendered":"https:\/\/wp.hammer-jaegercorps.de\/wordpress\/?page_id=185"},"modified":"2024-06-16T11:57:40","modified_gmt":"2024-06-16T11:57:40","slug":"kompanikoenige","status":"publish","type":"page","link":"https:\/\/www.hammer-jaegercorps.de\/index.php\/kompanikoenige\/","title":{"rendered":"Kompaniek\u00f6nige des J\u00e4gercorps"},"content":{"rendered":"\n<p>2024 Dominik K\u00fcppers<br>2023 Christoph Andree<br>2022 Rolf Schiefer<br>2021 Das Schie\u00dfen war coronabedingt nicht m\u00f6glich.<br>2020 Das Schie\u00dfen war coronabedingt nicht m\u00f6glich<br>2019 Rolf Wittbusch<br>2018 Hans-Peter Schnitzler<br>2017 Markus Etz<br>2016 Christopher Drenkard<br>2015 Markus Andree<br>2014 Christian Leuchten<br>2013 Matthias Kollenbroich<br>2012 Rolf Schiefer<br>2011 Herbert Tomm<br>2010 Heinz-Peter Reingen<br>2009 Klaus R\u00f6ckrath<br>2008 Heinz-Josef Konen<br>2007 Heinz-Peter Plenkers<br>2006 Heinz Baumgartner<br>2005 G\u00fcnther Kutschki<br>2004 Andr\u00e9 Boos<br>2003 Peter Felden<br>2002 Peter Sch\u00e4fer<br>2001 G\u00fcnter Kronsbein<br>2000 Heinz-Josef Konen<br>1999 Markus Etz<br>1998 Josef Piel<br>1997 J\u00fcrgen Leuchten<br>1996 Walter Hoppe<br>1995 Peter Cremer<br>1994 Heinz-Josef N\u00fcchter<br>1993 Hans Wiese<br>1992 Franz-Josef Plenkers<br>1991 J\u00f6rg Bodenm\u00fcller<br>1990 Josef Andree<br>1989 Jakob Boos<br>1988 Willi K\u00fcpper<br>1987 Helmut Sinder<br>1986 Hans Schmitz<br>1985 Karl-Heinz H\u00e4u\u00dfinger<br>1984 Theo Fink<br>1983 Hermann Peltzer<br>1982 Karl-Heinz R\u00f6ckrath<br>1981 Heinz Kla\u00dfen<br>1980 Peter Burchartz<br>1979 Theo K\u00fcpper<br>1978 Eduard Kutschki sen.<br>1977 Gottfried Konen<br>1976 Johannes Wolfgarten<br>1975 Hans Knell<br>1974 Lutz Klinkhammer<br>1973 Gottfried Tappertzhofen<br>1972 Josef Tappertzhofen jun.<br>1971 Theo K\u00fcpper<br>1970 Jakob Etz<br>1969 Ernst Mais<br>1968 Karl-Heinz H\u00e4u\u00dfinger<br>1967 Josef Knell<br>1966 Hermann Peltzer<br>1955 Matthias Plenkers<br>1928 Peter Bodden<br>1924 Anton Hosten<\/p>\n\n\n\n<p><\/p>\n\n\n\n<div class=\"wp-block-buttons is-content-justification-center is-layout-flex wp-container-core-buttons-is-layout-16018d1d wp-block-buttons-is-layout-flex\">\n<div class=\"wp-block-button\"><a class=\"wp-block-button__link wp-element-button\" href=\"https:\/\/www.hammer-jaegercorps.de\/index.php\/koenige\/\">Zur\u00fcck<\/a><\/div>\n<\/div>\n\n\n\n<p><\/p>\n","protected":false},"excerpt":{"rendered":"<p>2024 Dominik K\u00fcppers2023 Christoph Andree2022 Rolf Schiefer2021 Das Schie\u00dfen war coronabedingt nicht m\u00f6glich.2020 Das Schie\u00dfen war coronabedingt nicht m\u00f6glich2019 Rolf Wittbusch2018 Hans-Peter Schnitzler2017 Markus Etz2016 Christopher Drenkard2015 Markus Andree2014 Christian Leuchten2013 Matthias Kollenbroich2012 Rolf Schiefer2011 Herbert Tomm2010 Heinz-Peter Reingen2009 Klaus R\u00f6ckrath2008 Heinz-Josef Konen2007 Heinz-Peter Plenkers2006 Heinz Baumgartner2005 G\u00fcnther Kutschki2004 Andr\u00e9 Boos2003 Peter Felden2002 Peter Sch\u00e4fer2001 &hellip; <\/p>\n<p class=\"link-more\"><a href=\"https:\/\/www.hammer-jaegercorps.de\/index.php\/kompanikoenige\/\" class=\"more-link\">Mehr <span class=\"screen-reader-text\">\u00fcber &#8222;Kompaniek\u00f6nige des J\u00e4gercorps&#8220; <\/span>Lesen<\/a><\/p>\n","protected":false},"author":2,"featured_media":0,"parent":0,"menu_order":0,"comment_status":"closed","ping_status":"closed","template":"","meta":{"footnotes":""},"class_list":["post-185","page","type-page","status-publish","hentry"],"featured_media_urls":[],"_links":{"self":[{"href":"https:\/\/www.hammer-jaegercorps.de\/index.php\/wp-json\/wp\/v2\/pages\/185","targetHints":{"allow":["GET"]}}],"collection":[{"href":"https:\/\/www.hammer-jaegercorps.de\/index.php\/wp-json\/wp\/v2\/pages"}],"about":[{"href":"https:\/\/www.hammer-jaegercorps.de\/index.php\/wp-json\/wp\/v2\/types\/page"}],"author":[{"embeddable":true,"href":"https:\/\/www.hammer-jaegercorps.de\/index.php\/wp-json\/wp\/v2\/users\/2"}],"replies":[{"embeddable":true,"href":"https:\/\/www.hammer-jaegercorps.de\/index.php\/wp-json\/wp\/v2\/comments?post=185"}],"version-history":[{"count":9,"href":"https:\/\/www.hammer-jaegercorps.de\/index.php\/wp-json\/wp\/v2\/pages\/185\/revisions"}],"predecessor-version":[{"id":757,"href":"https:\/\/www.hammer-jaegercorps.de\/index.php\/wp-json\/wp\/v2\/pages\/185\/revisions\/757"}],"wp:attachment":[{"href":"https:\/\/www.hammer-jaegercorps.de\/index.php\/wp-json\/wp\/v2\/media?parent=185"}],"curies":[{"name":"wp","href":"https:\/\/api.w.org\/{rel}","templated":true}]}}